4*m - 320983. What is b(38)?
-111
Let q(n) = -1520866*n - 6083458. Determine q(-4).
6
Let y(h) = h**3 + 198*h**2 - 409*h - 2000. Calculate y(-200).
-200
Let z(y) = -124*y**3 - 1519*y**2 + 1190*y - 243. Give z(-13).
4
Let b(u) = -18317*u + 91603. Calculate b(5).
18
Let g(z) = -411*z - 4882. Calculate g(-11).
-361
Let k(a) = -123*a - 122. What is k(-5)?
493
Let x(j) = -91190*j - 24347741. Give x(-267).
-11
Let m(d) = -101*d + 295. Determine m(0).
295
Let i(g) = -g**3 + 6*g**2 - 109*g - 593. Determine i(-5).
227
Let i(w) = 1164*w - 20120. Determine i(18).
832
Let a(s) = s**2 - 48*s - 1323. Determine a(67).
-50
Let n(l) = 210*l + 11222. Calculate n(-54).
-118
Let a(p) = -53183*p + 3563268. What is a(67)?
7
Let i(q) = q**3 - 17*q**2 - 55*q + 1013. Give i(16).
-123
Let j(i) = -3*i**2 - 424*i + 619. What is j(-143)?
-96
Let h(a) = -2088*a + 90080. Give h(43).
296
Let a(b) = 96500*b + 2122997. Determine a(-22).
-3
Let v(r) = 30556*r + 30602. Determine v(-1).
46
Let j(n) = -3*n**2 - 101*n + 685. Give j(8).
-315
Let u(j) = -j**2 - 5018*j - 60348. Determine u(-12).
-276
Let p(m) = 43*m**2 - 36*m - 39. Give p(-1).
40
Let m(n) = 62*n**3 + 5286*n**2 + 1362*n + 164. Determine m(-85).
-6
Let g(m) = -m**2 - 350*m - 20651. What is g(-57)?
-3950
Let n(u) = -3*u**3 + 258*u**2 - 752*u + 376. What is n(83)?
-39
Let x(w) = -37*w**2 + 3894*w + 7781. What is x(-2)?
-155
Let p(a) = 253098*a - 2784060. What is p(11)?
18
Let c(u) = 2*u**3 + 11*u**2 - 377*u + 227. Give c(-17).
-11
Let n(r) = -2*r**3 + 18*r**2 + 215*r - 3427. What is n(13)?
-1984
Let s(o) = 3*o**2 + 561*o + 11376. Determine s(-23).
60
Let h(g) = -530*g - 577. Give h(0).
-577
Let r(j) = -148*j**2 + 66*j + 205. Calculate r(-1).
-9
Let h(r) = 269*r - 7560. What is h(24)?
-1104
Let b(j) = j**3 - 48*j**2 + 100*j - 2259. Give b(47).
232
Let n(r) = -2*r**3 + 473*r - 633. Give n(-16).
-9
Let g(l) = -2*l**3 - 253*l**2 + 440*l + 39740. What is g(-127)?
-11
Let s(n) = 277*n - 52368. Give s(190).
262
Let b(k) = 34158*k - 341587. Determine b(10).
-7
Let y(c) = -8945*c + 3783754. Determine y(423).
19
Let o(p) = 2*p**2 + 38*p - 34962. What is o(123)?
-30
Let b(x) = 448958*x - 448978. What is b(1)?
-20
Let d(n) = -n**3 - 45*n**2 + 666*n + 8431. Give d(18).
7
Let f(r) = 20*r - 4469. Determine f(224).
11
Let y(f) = -527*f + 52113. Give y(103).
-2168
Let j(o) = -2*o**3 - 130*o**2 + 1876*o - 11832. Calculate j(-78).
24
Let j(v) = -v**2 - 176*v - 5916. Calculate j(-45).
-21
Let w(h) = 491*h - 27513. Give w(56).
-17
Let f(i) = 3*i**2 - 327*i + 712. Calculate f(103).
-1142
Let j(i) = 2*i**3 - 193*i**2 - 2537*i + 5753. What is j(108)?
29
Let q(n) = -n**3 + 13*n**2 + 2574*n + 14750. Calculate q(60).
-10
Let b(y) = -13*y**3 + 151*y**2 - 234*y + 4. Calculate b(2).
36
Let s(f) = -584*f + 10863. Calculate s(16).
1519
Let q(s) = 4*s**3 - 52*s**2 + 169*s + 8. Give q(4).
108
Let r(v) = 81*v**2 + 3236*v + 30280. What is r(-25)?
5
Let o(r) = r**3 - 1269*r**2 - 12734*r - 71617. Calculate o(1279).
7
Let w(c) = -58730*c + 352388. Determine w(6).
8
Let y(h) = 4*h**3 - 88*h**2 - 1249*h + 27484. Give y(22).
6
Let a(x) = -11*x**2 - 20065*x - 40122. Determine a(-2).
-36
Let s(n) = -7*n**2 - 189*n - 790. Give s(-5).
-20
Let m(v) = -3125*v**3 + 25000*v**2 + 40*v - 316. What is m(8)?
4
Let w(y) = -4*y**3 + 49*y**2 - 91*y - 357. Give w(8).
3
Let o(j) = -946*j**2 + 3790*j - 5. Determine o(4).
19
Let c(p) = -63*p**2 + 7252*p - 810. Give c(115).
-5
Let z(n) = 14*n**2 - 23*n - 232. Determine z(-10).
1398
Let p(i) = i**3 + 14*i**2 - 26044*i + 181282. Give p(7).
3
Let t(n) = -3758*n + 1161129. Determine t(309).
-93
Let f(b) = 2*b**2 - 634*b + 20772. Calculate f(37).
52
Let b(l) = 15523*l + 465685. What is b(-30)?
-5
Let v(j) = -145696*j - 437057. Determine v(-3).
31
Let s(h) = -h**3 - 93*h**2 - 1329*h + 1558. Calculate s(-75).
-17
Let p(l) = 5*l**3 - 155*l**2 + 1045*l + 10. Give p(10).
-40
Let r(f) = -7*f**3 - 376*f**2 + 5139*f + 266. Give r(-65).
6
Let g(l) = -1451*l**2 + 171217*l + 127. Calculate g(118).
9
Let s(z) = -14*z**2 - 37653*z + 264254. Calculate s(7).
-3
Let l(u) = -90420*u + 1808350. Calculate l(20).
-50
Let l(v) = 3*v**2 + 5996*v - 709187. Give l(112).
-3
Let j(m) = -m**3 + 186*m**2 - 7583*m + 1381. Give j(60).
1
Let n(i) = -21582*i - 194948. What is n(-9)?
-710
Let j(q) = 4*q**2 - 161*q - 553. Calculate j(-5).
352
Let a(b) = -4*b**2 + 47*b + 34. Give a(-21).
-2717
Let v(o) = 3304*o + 396482. Determine v(-120).
2
Let s(v) = -20911*v + 125386. Determine s(6).
-80
Let h(p) = -1682*p - 25354. Give h(-15).
-124
Let u(d) = -d**3 - 32*d**2 - 163*d - 3078. Give u(-30).
12
Let j(f) = -f**2 + 3*f + 3282. Give j(-63).
-876
Let m(p) = -55*p**2 + 645*p - 83. Determine m(5).
1767
Let t(z) = 51*z**2 + 515*z + 1248. Give t(-4).
4
Let h(d) = -d**3 - 225*d**2 - 3526*d + 249. What is h(-208)?
-1831
Let x(u) = 8940*u - 5641076. What is x(631)?
64
Let c(i) = -i**2 - 476477*i - 3811761. Give c(-8).
-9
Let o(i) = -38*i**3 - 5056*i**2 - 272*i + 2. What is o(-133)?
800
Let k(o) = 2*o**3 - 202*o**2 + 153*o - 15449. What is k(101)?
4
Let v(k) = k**3 - 157*k**2 - 3744*k + 1101. Determine v(178).
33
Let b(n) = n**2 - 27*n - 1104. What is b(35)?
-824
Let j(r) = -r**2 - 197*r + 23504. Determine j(84).
-100
Let o(h) = 1213*h + 678053. Calculate o(-559).
-14
Let d(u) = 3*u**3 + 56*u**2 - 1518*u + 117. Give d(15).
72
Let p(l) = 18*l**2 - 2343*l + 376. Give p(130).
-14
Let p(y) = 343*y**3 + 2393*y**2 - 59*y + 9. What is p(-7)?
30
Let t(u) = 2*u**3 - 487*u**2 - 3391*u + 811. Determine t(-7).
-1
Let w(f) = -53*f**2 - 6059*f - 7845. Calculate w(-113).
65
Let a(p) = -2*p**3 - 64*p**2 + 276*p + 40. Determine a(4).
-8
Let o(w) = 8222*w - 1586849. Calculate o(193).
-3
Let v(f) = -1116*f - 42417. Determine v(-38).
-9
Let i(a) = 2*a**3 + 66*a**2 - 697*a + 21. Calculate i(11).
3002
Let w(n) = 3303*n - 234077. Calculate w(71).
436
Let y(a) = 3*a**3 - 162*a**2 + 15*a - 41. Give y(54).
769
Let f(z) = z**2 - 64493*z + 2256011. Calculate f(35).
-19
Let w(m) = -57434*m + 229742. What is w(4)?
6
Let o(w) = -4*w**2 - 274*w + 19493. Calculate o(-112).
5
Let b(j) = -j**2 + 13186*j + 555586. Give b(-42).
10
Let f(q) = 2*q**2 + 1875488*q - 7501971. Give f(4).
13
Let u(i) = -17776*i + 88897. Give u(5).
17
Let f(g) = 26357*g**2 + 26366*g - 1. Calculate f(-1).
-10
Let f(u) = u**3 - 62*u**2 + 165*u - 10108. Calculate f(62).
122
Let j(s) = 140106*s - 560432. Determine j(4).
-8
Let y(w) = w**2 - 9864*w + 850591. Give y(87).
-8
Let v(t) = 799*t - 3961. Determine v(6).
833
Let n(q) = -1010*q - 151524. Calculate n(-150).
-24
Let p(o) = 9*o**2 + 100*o - 345. What is p(-16)?
359
Let u(i) = 18*i**2 - 28*i + 129. Give u(2).
145
Let a(o) = -4*o**2 + 1566*o - 3115. Calculate a(2).
1
Let k(m) = -271277*m - 1356389. Calculate k(-5).
-4
Let v(o) = o**3 - 3*o**2 - 34888*o + 209215. Give v(6).
-5
Let k(y) = -9*y**3 + 39*y**2 + 374*y - 7. Give k(9).
-43
Let i(g) = 24719*g + 185. Determine i(0).
185
Let m(b) = -b**3 + 48*b**2 - 352*b - 46. Calculate m(39).
-85
Let b(z) = 176*z - 33176. What is b(190)?
264
Let p(a) = -13873*a - 1387275. What is p(-100)?
25
Let t(p) = -76*p + 7342. What is t(74)?
1718
Let s(c) = -17*c**2 + 11729*c + 12437. What is s(691)?
-1
Let g(u) = 25068*u**2 + 275745*u - 34. Determine g(-11).
-1
Let y(d) = 73*d**3 - 1110*d**2 - 13086*d - 30. Give y(23).
-7
Let v(g) = -14871*g - 59485. What is v(-4)?
-1
Let i(c) = -c**3 + 111*c**2 - 414*c - 1489. What is i(107)?
9
Let v(c) = 4*c**3 - 3276*c**2 + 6585*c - 40017. Calculate v(817).
16
Let z(m) = 467574*m - 35068036. What is z(75)?
14
Let p(m) = -m**2 + 2469*m - 36852. Determine p(15).
-42
Let d(g) = 17155*g + 707. Give d(0).
707
Let w(z) = -56*z + 246. Calculate w(16).
-650
Let r(x) = 59*x**2 + 318*x + 114. Determine r(-5).
-1
Let h(d) = 3*d**2 + 127*d - 8537. What is h(39)?
979
Let m(t) = -3*t**3 + 916*t**2 - 1781*t - 96. Give m(2).
-18
Let l(q) = 3*q**3 - 72*q**2 + 81*q - 349. What is l(23)?
-73
Let p(j) = -2317*j - 74. Determine p(0).
-74
Let f(y) = -y**2 - 1215*y + 34838. Calculate f(28).
34
Let r(f) = -3*f**2 + 32*f - 105. Determine r(5).
-20
Let x(u) = -712*u**2 + 28473*u + 254. Determine x(40).
-26
Let q(o) = o**3 - 146*o**2 + 1170*o - 2336. Determine q(5).
-11
Let i(p) = -p**3 - 125*p**2 - 379*p - 33. What is i(-3)?
6
Let q(c) = 13*c**2 + 51